Give g(-7).
-87
Let r(q) = 15*q**2 + q - 1. Determine r(1).
15
Let o(l) = -l**3 + 3*l**2 - 2*l + 3. Give o(3).
-3
Let x(f) = -f**2 + 5*f + 5. Calculate x(5).
5
Let v(i) = 39*i - 819. Give v(21).
0
Let f(u) = u + 10. What is f(-7)?
3
Let a(q) = q**3 + 6*q**2 - 5*q - 5. Determine a(-7).
-19
Let s(b) = 12*b**3 - b**2 + 2*b - 1. Determine s(1).
12
Let s(q) = -q - 13. Give s(-6).
-7
Let f(p) = p + 2. Give f(7).
9
Let l(a) = -3*a - 5. Give l(4).
-17
Let s(p) = 13*p + 3. Give s(2).
29
Let z(h) = h**3 + 7*h**2 - 3*h + 29. Calculate z(-8).
-11
Let k(w) = -3*w**2 + 14*w + 4. Determine k(6).
-20
Let m(i) = -53*i**2 - 3*i + 3. Determine m(1).
-53
Let f(x) = 2*x**2 - 12*x - 12. Give f(7).
2
Let k(n) = -16*n - 90. Calculate k(-7).
22
Let k(h) = 2*h**2 - 6*h - 3. Determine k(4).
5
Let z(n) = 2*n - 76. Calculate z(28).
-20
Let u(x) = 29*x - 63. What is u(2)?
-5
Let y(l) = -l + 1. Determine y(-3).
4
Let q(o) = -o - 2. Determine q(-9).
7
Let r(x) = x**2 - 2*x - 6. Calculate r(-6).
42
Let j(m) = m + 19. Determine j(-9).
10
Let x(m) = 2*m**3 - 6*m**2 + 8*m - 19. Give x(3).
5
Let l(n) = 3*n - 27. Calculate l(11).
6
Let v(r) = -4*r**2 - r + 12. Give v(5).
-93
Let y(j) = -3*j**2 - 7*j + 11. Determine y(0).
11
Let a(w) = -w**3 - 7*w**2 - 5*w - 2. Calculate a(-6).
-8
Let w(u) = 10*u + 3. Determine w(-6).
-57
Let d(z) = -z**3 - 12*z**2 - 12*z - 17. Give d(-11).
-6
Let r(b) = b - 6. Determine r(4).
-2
Let f(p) = p - 19. Determine f(16).
-3
Let n(a) = -10*a + 106. Determine n(7).
36
Let g(j) = 11*j + 1. What is g(-7)?
-76
Let k(b) = -9*b + 228. Calculate k(24).
12
Let i(g) = g**3 + 10*g**2 - 7*g - 61. Give i(-10).
9
Let t(o) = -o**3 - 17*o**2 - 40*o + 14. Determine t(-14).
-14
Let m(z) = -6*z. Determine m(-2).
12
Let m(f) = -2*f - 16. Determine m(-7).
-2
Let f(x) = 13*x + 2. Determine f(4).
54
Let y(u) = 2*u**2 + 32*u + 132. Give y(-8).
4
Let h(y) = -13*y + 3. Determine h(2).
-23
Let y(f) = f**3 - 22*f**2 + 3*f - 34. What is y(22)?
32
Let h(o) = -o - 5. Calculate h(-7).
2
Let b(h) = -h - 39. Give b(-39).
0
Let f(z) = 5*z + 3. What is f(2)?
13
Let i(b) = -3*b**2 + 33*b - 31. What is i(10)?
-1
Let o(d) = -2*d**3 - 9*d**2 + 5*d + 15. Determine o(-4).
-21
Let y(w) = w**3 - 6*w**2 - 15*w - 11. Calculate y(8).
-3
Let y(v) = 12*v - 21. Calculate y(2).
3
Let q(p) = -2*p**3 - 2*p**2 + p + 1. Calculate q(-2).
7
Let q(a) = 3*a + 12. Calculate q(-4).
0
Let f(u) = u**3 + 22*u**2 + 2*u + 52. Calculate f(-22).
8
Let q(t) = -t - 17. Give q(-24).
7
Let u(r) = 5*r - 9. Give u(6).
21
Let c(r) = -r**3 - 10*r**2 - 20*r - 36. Give c(-8).
-4
Let b(a) = -11*a - 69. Determine b(-7).
8
Let o(i) = i**3 + 15*i**2 - 12. Give o(-15).
-12
Let p(t) = -7*t**2 + 10*t + 8. Give p(-1).
-9
Let m(t) = -7*t + 21. Give m(5).
-14
Let g(o) = -2*o - 11. Determine g(-12).
13
Let x(r) = r**3 - 6*r**2 + 8*r - 3. Give x(4).
-3
Let d(w) = 3*w**2 - 29*w + 5. What is d(7)?
-51
Let v(o) = o**3 - 18*o**2 - 88*o - 6. Give v(22).
-6
Let t(b) = b**3 - 23*b + 3. Give t(-5).
-7
Let i(x) = -x**2 + 12*x + 14. What is i(11)?
25
Let h(u) = -u**3 - 5*u**2 - u - 7. What is h(-5)?
-2
Let j(d) = 2*d**2 + 35*d + 31. Calculate j(-17).
14
Let x(y) = -y**3 - 51*y**2 + 57*y + 258. What is x(-52)?
-2
Let o(x) = 22*x - 45. Determine o(2).
-1
Let r(i) = 5*i**2 + 27*i + 5. Calculate r(-7).
61
Let w(r) = -2*r**2 - 3*r - 5. Calculate w(-6).
-59
Let w(n) = -18*n**2 + 8*n + 2. What is w(-2)?
-86
Let s(q) = q**3 + 6*q**2 - 16*q - 90. What is s(-6)?
6
Let h(u) = -31*u - 113. Give h(-4).
11
Let i(v) = v - 14. What is i(-14)?
-28
Let s(w) = 4*w**2 + 4*w + 4. Determine s(-1).
4
Let u(z) = -3*z**2 + 9*z - 4. What is u(4)?
-16
Let j(s) = -s**2 - 3*s + 5. Give j(-7).
-23
Let u(t) = -t**3 + 19*t**2 - 32*t - 37. Determine u(17).
-3
Let h(v) = -24*v + 6. Give h(-5).
126
Let a(d) = d**3 - 7*d**2 - 12*d - 1. Give a(8).
-33
Let f(c) = -c + 88. Calculate f(71).
17
Let n(u) = -3*u. What is n(-2)?
6
Let q(k) = -k - 26. Calculate q(-19).
-7
Let y(c) = -30*c - 1. Give y(3).
-91
Let t(u) = -2*u**2 + 15*u - 2. Calculate t(10).
-52
Let v(f) = -3*f + 5. What is v(4)?
-7
Let j(q) = q + 1. Determine j(-5).
-4
Let t(h) = -7*h - 53. What is t(-9)?
10
Let k(f) = f**3 - 6*f**2 - 5*f. Determine k(7).
14
Let n(s) = -6*s - 122. Calculate n(-21).
4
Let k(v) = 15*v**2 - 7*v + 6. What is k(2)?
52
Let y(k) = 2*k + 1. Give y(4).
9
Let i(s) = -43*s + 87. Give i(2).
1
Let r(f) = -3*f - 121. What is r(-43)?
8
Let t(v) = v**2 - 10*v + 7. Calculate t(7).
-14
Let h(m) = -23*m - 251. Calculate h(-11).
2
Let y(c) = -17*c + 20. Give y(5).
-65
Let v(y) = 6*y**3 - y + 2. Calculate v(1).
7
Let g(m) = -m**3 - 6*m**2 - 4*m - 3. Determine g(-5).
-8
Let a(i) = i**2 + 13*i + 36. Determine a(-9).
0
Let z(c) = c**3 - 47*c**2 + 89*c + 55. What is z(45)?
10
Let n(h) = -h**2 - 27*h - 104. Calculate n(-22).
6
Let z(c) = -9*c - 169. Give z(-19).
2
Let n(i) = i**2 + 9*i + 33. What is n(-6)?
15
Let s(o) = 4*o - 38. Give s(8).
-6
Let j(v) = -3*v + 8. What is j(-11)?
41
Let m(b) = -b**2 + 8*b - 11. Give m(8).
-11
Let p(t) = t**3 + 7*t**2 - 15*t + 13. Determine p(-9).
-14
Let h(b) = -b + 8. What is h(-6)?
14
Let c(m) = 5*m - 15. Give c(4).
5
Let v(w) = 35*w - 2. What is v(0)?
-2
Let l(v) = 10*v + 78. What is l(-19)?
-112
Let g(f) = 2*f**3 + 5*f**2 + 2*f - 3. What is g(-2)?
-3
Let u(s) = s + 11. Calculate u(-6).
5
Let w(a) = a**3 + 31*a**2 - 64*a + 78. What is w(-33)?
12
Let h(i) = 61*i - 2385. Give h(39).
-6
Let v(d) = -d**3 + d**2 + 2*d - 1. What is v(4)?
-41
Let f(j) = 4*j**2 + 15*j - 7. What is f(-5)?
18
Let u(y) = -7*y**3 + y**2 - y - 2. Determine u(-2).
60
Let s(c) = c**3 + 9*c**2 + 8*c + 10. Determine s(-8).
10
Let a(k) = -3*k**2 + 4. What is a(3)?
-23
Let n(v) = 17*v + 22. What is n(-2)?
-12
Let n(z) = z**3 + 9*z**2 + 10*z - 22. Give n(-7).
6
Let h(m) = -m**3 + 15*m**2 - 31*m + 65. What is h(13)?
0
Let c(v) = 30*v**3 + 2*v**2 - 3*v + 2. What is c(1)?
31
Let a(b) = b - 17. Give a(11).
-6
Let b(r) = r**2 + 18*r - 17. What is b(-19)?
2
Let p(c) = c**2 + 7*c + 7. What is p(-7)?
7
Let r(o) = 17*o + 2. Calculate r(-2).
-32
Let z(h) = -2*h - 13. Calculate z(-10).
7
Let k(m) = m**3 + 6*m**2 - 5*m - 2. Calculate k(-6).
28
Let m(g) = -g**3 - 6*g**2 + 2*g + 9. What is m(-6)?
-3
Let o(d) = -d**3 - 10*d**2 - 16*d - 2. Determine o(-7).
-37
Let c(r) = 50*r**3 + r**2 + r + 1. Give c(-1).
-49
Let o(b) = b**3 + 6*b**2 + 4*b - 5. Calculate o(-5).
0
Let n(u) = -3*u + 11. Calculate n(4).
-1
Let p(a) = 29*a + 2. What is p(4)?
118
Let g(y) = -2*y + 7. Determine g(12).
-17
Let r(f) = 3*f**2 + 21*f - 15. Calculate r(-7).
-15
Let v(r) = r**3 + 3*r**2 - 8*r. Determine v(-5).
-10
Let n(l) = l**3 - 2*l**2 - 8*l - 2. What is n(4)?
-2
Let o(b) = 2*b - 13. Determine o(6).
-1
Let s(p) = 5*p - 115. What is s(18)?
-25
Let c(t) = -t**2 + t + 32. What is c(0)?
32
Let x(i) = -2*i - 19. What is x(9)?
-37
Let j(a) = 13*a + 395. What is j(-31)?
-8
Let w(a) = a**3 + 3*a**2 - a + 4. Give w(-5).
-41
Let f(a) = -a**3 - 8*a**2 + 4*a + 7. What is f(-9)?
52
Let o(k) = 16*k + 20. What is o(-2)?
-12
Let o(x) = x**2 - 27*x - 22. Calculate o(27).
-22
Let v(w) = 21*w**3 - w**2. Determine v(1).
20
Let t(u) = -8*u + 29. Calculate t(4).
-3
Let t(d) = -d**2 + 11*d + 395. What is t(26)?
5
Let m(z) = -2*z + 7. Determine m(8).
-9
Let i(p) = p - 34. Calculate i(35).
1
Let y(b) = -b**3 + 7*b + 4. Calculate y(3).
-2
Let t(y) = -6*y**2 - 30*y + 35. Determine t(-6).
-1
Let c(p) = 9*p - 59. Calculate c(7).
4
Let i(x) = x**2 + 4*x. Give i(-4).
0
Let s(r) = -18*r + 8. Calculate s(3).
-46
Let s(a) = a**2 - 4*a - 10. Calculate s(4).
-10
Let b(t) = 2*t**2 - 2*t - 7. What is b(-3)?
17
Let g(w) = -w**3 - 5*w**2 + 2*w - 5. Determine g(-5).
-15
Let z(d) = -d**3 + 15*d**2 + 3. Give z(15).
3
Let j(q) = 20*q - 156. Give j(9).
24
Let p(m) = 11*m - 9. Calculate p(4).
35
Let m(g) = -12*g - 17. Give m(-2).
7
Let o(c) = -34*c**3 - c**2 + c + 1. What is o(-1)?
33
Let k(r) = -r - 10. Calculate k(-2).
-8
Let c(j) = j**2 - 4*j + 18. What is c(0)?
18
Let j(z) = -z**3 - 25*z**2 + z + 12. Determine j(-25).
-13
Let m(g) = -5*g + 48. Calculate m(12).
-12
Let b(y) = 2*y + 47. Give b(-21).
5
Let x(r) = -2*r**2 + 21*r - 9. Calculate x(10).
1
Let f(j) = j**2 + 3*j - 1. Calculate f(-3).
-1
Let u(y) = -183*y - 547. Calculate u(-3).
2
Let t(x) = -x**2 - 3*x - 9. Calculate t(-4).
-13
Let i(k) = -5*